ue
Let z = -2123 - -3868. Is z a prime number?
False
Let h(f) = -6*f**3 + 3*f - 2. Let g(w) = 5*w**3 - w**2 - 4*w + 2. Let q(i) = 5*g(i) + 4*h(i). Let m be q(6). Let a = m + 25. Is a prime?
False
Let o be ((-15)/10)/((-3)/10). Suppose 1537 = -o*t + 292. Let k = -160 - t. Is k a composite number?
False
Let c(a) = -12*a**2 - 8*a - 6. Let s be c(-6). Suppose -l = -5*l + 2372. Let k = s + l. Is k a prime number?
False
Let m(d) = -21*d**3 + d**2 - 2*d + 2. Let v(f) = -64*f**3 + 2*f**2 - 6*f + 5. Let l be (4 + -3)/(2/6). Let k(b) = l*v(b) - 8*m(b). Is k(-1) a prime number?
True
Let h(w) = -2*w**2 + w + 1. Let q be h(-1). Let y be 4/q*2/(-4). Let p = 98 - y. Is p a composite number?
False
Let v = 100 + -45. Suppose v = t - 5*g, -2*t + 48 = 5*g + 13. Let m = t + 9. Is m prime?
False
Let h(l) be the second derivative of l**5/20 + 71*l**2/2 - 6*l. Is h(0) prime?
True
Let p = -1 + 5. Suppose 3*g - p*z + 9*z + 10 = 0, 3*g + 6 = -3*z. Suppose g = -4*u + t - 5 + 13, -t + 4 = 0. Is u composite?
False
Let i be (-2 + 2)/(2 - 1). Suppose i = 5*c - x - 12, -2*c + 8 = 2*x - 4. Is 165/c - (0 + -2) prime?
False
Let x(i) = -196*i - 4. Let w be x(-6). Suppose -3*m = 113 - w. Is m a composite number?
False
Let s = -9 - -9. Suppose p + s*p + 3*m = 37, p - 3*m = 61. Suppose p = 3*y - 182. Is y a prime number?
False
Suppose 0*v - 3 = d - v, 0 = 2*d - v + 1. Suppose j - d*j + 67 = 0. Is j prime?
True
Suppose 16 = n - 9. Is n a composite number?
True
Let c(y) = 5*y - 1. Let t be c(1). Suppose 4*b - 8 = 4*h, -b + 5*h - 2 = t. Suppose -4*r - b*x - x = -144, -2*x - 147 = -5*r. Is r a composite number?
False
Suppose 4*r = -g + 11 - 3, -8 = 2*g. Suppose r*y = -5*j + y + 657, 0 = -2*j - 4*y + 266. Is j a prime number?
True
Suppose 4*y = 2*b - 3*b + 24, 2*b - 5*y = -17. Is (b/(-6))/(6/(-279)) composite?
False
Is -4917*(1 - (-20)/(-15)) a prime number?
False
Suppose -151*i + 157*i - 9738 = 0. Is i composite?
True
Let w(q) be the first derivative of 7*q**2/2 + 5*q + 2. Let v(b) = 6*b + 6. Let k(l) = 6*v(l) - 7*w(l). Is k(-6) a prime number?
True
Is (5262/(-15))/((-2)/5) a prime number?
True
Let p(c) = 4*c**2 + 3*c**2 + 1 - 4*c**2 + 5*c - 4*c. Let a be p(-1). Suppose y - 44 = -a*y + 4*m, 0 = -y - m + 1. Is y prime?
False
Suppose n + 2*n = 6. Suppose -n*a = 3*a + 20. Is (-61)/a - 2/8 a composite number?
True
Let b be (2/5)/((-7)/(-35)). Let t = 6 - b. Suppose r + t*r = 65. Is r prime?
True
Let f = -5 - 6. Let b = 22 + f. Is b a composite number?
False
Is (38 + -1)/(9/45) a prime number?
False
Let u(j) = -j - 16*j - 7 + 0*j. Suppose 19 = -3*y + 1. Is u(y) prime?
False
Let a(q) = -336*q + 31. Is a(-3) a composite number?
False
Suppose 0 = 5*s + 8 - 403. Suppose -4*u = -781 - s. Is u a prime number?
False
Let i = -1405 - -3738. Is i a prime number?
True
Let i(g) = -g**3 + 19*g**2 - 10*g + 11. Is i(17) prime?
True
Suppose -m - 127 = -c - 4*m, 260 = 2*c + 3*m. Is c composite?
True
Suppose 14*f - 4*f = 2110. Is f prime?
True
Let j(g) = -3*g + 6. Let r be j(-5). Let h = 14 + 60. Let z = h - r. Is z prime?
True
Suppose -4*w + 100 = w. Is (298/8)/(5/w) composite?
False
Let f(z) = -z**3 + 4*z**2 - 4*z + 2. Let a be f(2). Let h be a*3*2/(-4). Is ((-88)/6)/(2/h) prime?
False
Suppose 39 - 12 = 3*y. Let u(k) = -3*k**3 + k**2 + k + 2. Let n(q) = 7*q**3 - 3*q**2 - q - 4. Let a(z) = y*u(z) + 4*n(z). Is a(5) a prime number?
False
Let m(i) = -8*i - 10. Let t be m(-7). Let u = t + 153. Let g = -112 + u. Is g a composite number?
True
Let t = 16 - 7. Suppose -i - t - 112 = 0. Let s = -62 - i. Is s prime?
True
Let q(k) = 79*k + 1. Let w be q(-1). Suppose 3*d + 3*s + 120 = 0, 0*d + s = -2*d - 85. Let j = d - w. Is j a composite number?
True
Suppose 0*b = -2*b + 292. Suppose -4*u + b = -194. Is u composite?
True
Let z = 54 + 2765. Is z prime?
True
Suppose 2*k - 6 = -0*k. Suppose 33 = 2*s + 2*r - 3*r, 0 = -k*r - 9. Is s a composite number?
True
Let t be (-1 - 0)/((-1)/94). Suppose 4*b - l = 89, l = 3*b + 26 - t. Is b prime?
False
Suppose 2*q = 8, -2*u - 3*q + 25 = 7. Suppose -2*n + 3*g + 2 + 55 = 0, 0 = -n - u*g + 42. Is n a composite number?
True
Let w = -179 - -402. Is w prime?
True
Suppose 3*k + 5512 = 15553. Is k a composite number?
False
Let t = -799 + 2114. Is t a prime number?
False
Let z(d) = -d**2 - d + 1. Let v(m) = -71*m**2 + 5*m - 6. Let s(g) = -v(g) - 5*z(g). Suppose l - 10 = 5*i, -i - 10 = -l - 4. Is s(i) a composite number?
True
Suppose -5*f - 942 = 2*t - 6*t, 4*f = 2*t - 474. Is t a prime number?
True
Suppose 3*c + 4*w - 17 = 4*c, -2*w + 7 = c. Let v = 0 + c. Is 11 + v*(-2 - -3) a composite number?
True
Let f(b) = 39*b - 4. Suppose 3*z + m = -3*m + 31, 2*z - 3*m = -2. Suppose -3*s = -z*s + 6. Is f(s) composite?
False
Let m be (-638)/(-4) + (-5)/(-10). Suppose -4*z + 64 = -m. Suppose 4*j - 382 = -3*w, j - z = 5*w + 51. Is j composite?
False
Let v = -1533 + 4028. Is v composite?
True
Suppose -5*b + 138 = b. Is b composite?
False
Let w(o) = 1 + 0 + o + 20*o. Let p(t) = t**3 + 8*t**2 - 8*t + 10. Let h be p(-9). Is w(h) a prime number?
False
Let s(h) = h + 19. Let q = -5 - -5. Is s(q) composite?
False
Let c = 12 + -14. Is -2 - (1 + c*83) a composite number?
False
Let w(i) be the third derivative of -3/8*i**4 - 3*i**2 - 1/2*i**3 + 0 + 0*i. Is w(-2) prime?
False
Let v be 0*1*(-3)/(-3). Suppose 47 = s - i, 2*i = -5*s - v*i + 235. Is s composite?
False
Let g be -2 + 1 + 1 + 2. Let p be 0/(1 - (0 + g)). Suppose u = -p*u + 31. Is u prime?
True
Let x be (-2 + 16)*(-610)/(-7). Suppose -2*w - 94 = -4*u - x, -3*w - 3*u = -1644. Is w a prime number?
False
Suppose -b - 5*s - 22 = 0, 0*s - 13 = -b + 2*s. Suppose 2*x - 6 = 2*l, -6*x + 3 = -b*x - l. Suppose d + 5*t - 44 = x, -d + 73 = 3*t + 23. Is d composite?
False
Is (-5)/(20/(-16))*(-6686)/(-8) a composite number?
False
Let i(q) = q**3 + 3*q**2. Let r be i(-3). Suppose r = 4*y - 3*y - 4. Is -2 + 2 - (-204)/y composite?
True
Suppose -2*g + 846 = 4*z - g, 5*z = 2*g + 1051. Is z a prime number?
True
Let z = 10 - 7. Suppose z*c = -c + 2*w + 122, 0 = -c + w + 30. Is c a prime number?
True
Suppose 0 = -12*g + 66 + 9498. Is g a composite number?
False
Is 3/((-36)/(-550)) + 1/6 a composite number?
True
Suppose 0 = -2*s + 4*s. Let h = -7 - -22. Is h - s/(1*-2) composite?
True
Let x(o) = -o**3 + 5. Suppose 3*z + 0*z = 0. Let c be x(z). Suppose c*g - 3*g = t + 17, 3*g = 4*t + 18. Is g composite?
True
Let w = 3 + -4. Let n(g) = 18*g - 1. Let s be n(w). Is (2 + 2)*s/(-4) a prime number?
True
Let m(x) = 146*x**2 + 8*x + 37. Is m(-7) prime?
False
Let t(l) be the third derivative of 19/60*l**6 + 0*l + 0*l**5 - 3*l**2 - 1/12*l**4 + 1/6*l**3 + 0. Is t(1) a composite number?
False
Suppose 3*h - 2*a = a + 3501, -h + 3*a + 1175 = 0. Is h a composite number?
False
Let m(w) = -14*w + 13. Is m(-7) a composite number?
True
Let t(w) = -1547*w**3 + w**2 + w. Let x be t(-1). Suppose 6 = -n + 2, -5*v + 3*n + x = 0. Is v a composite number?
False
Let q(w) = 10*w**2 + 12. Is q(-7) a prime number?
False
Let u = 30 + -45. Is (-576)/(-5) + u/75 composite?
True
Suppose -2*q - 385 = -3*f + 2*q, -4*q = -4*f + 512. Is f composite?
False
Is (728/24)/((-2)/(-6)) a prime number?
False
Suppose -4*j + 14 = m, 3*j + 1 = -2*m + 7*m. Suppose -518 = -2*r + 5*l, r + 777 = 4*r - m*l. Is r a composite number?
True
Suppose -5 = -5*x - 0*x. Suppose -x = 2*u - 31. Is u composite?
True
Suppose 3*b - 299 = -z, -5*z + 2*b + 1196 = -350. Suppose -5*c + z = -c. Is c composite?
True
Suppose 6*s = 428 + 142. Is s prime?
False
Suppose 2*m = 5*m + l + 4, 2*m = -2*l - 4. Is -3 + (-62)/m + -1 a composite number?
True
Suppose -4*c + 5 + 3 = 0. Let k(q) = 26*q + 11*q - 2 + 11*q. Is k(c) a prime number?
False
Let y = 1 - -1. Is (-167)/(3/(y + -5)) a prime number?
True
Is (1326 - -3)*3/9 a prime number?
True
Let q(z) = -z**3 - 7*z**2 - 4*z + 2. Let i be q(-6). Is (-1)/2 + (-2035)/i a composite number?
True
Let j(z) = 81*z**2 - 2*z + 2. Is j(-4) prime?
False
Suppose 162*f + 11575 = 167*f. Is f a composite number?
True
Suppose -7*l + 1270 = -2*l. Is l a prime number?
False
Suppose 4*d + v = 40, 0*d + d = -5*v + 29. Suppose i - d = -2*b + 196, 4*i + 4*b = 816. Is i prime?
False
Let z(d) = -d**3 + 22*d**2 + 37*d - 5. Is z(23) a prime number?
True
Let z(f) = f**3 + 7*f**2 - f + 1. Let k(y) = y + 1. Let i be k(-8). Let h be z(i